{"id":79,"date":"2019-03-25T22:48:22","date_gmt":"2019-03-25T21:48:22","guid":{"rendered":"https:\/\/www.advokatskibsted.dk\/?page_id=79"},"modified":"2021-05-12T09:28:19","modified_gmt":"2021-05-12T07:28:19","slug":"cv","status":"publish","type":"page","link":"https:\/\/www.advokatskibsted.dk\/index.php\/cv\/","title":{"rendered":"CV"},"content":{"rendered":"\n<p>Jeg har mere end 25 \u00e5rs alsidig erfaring med sagsbehandling, juridisk r\u00e5dgivning og forhandling i det private erhvervsliv.<\/p>\n\n\n\n<p>Med advokaterfaring fra arbejde i flere forskellige advokatfirmaer og omfattende erfaring med bestyrelsesarbejde og ledelse af medarbejdere, kan jeg bist\u00e5 dig og din virksomhed b\u00e5de juridisk og forretningsm\u00e6ssigt. <br><\/p>\n\n\n\n<p class=\"has-text-align-center\"><a href=\"https:\/\/www.linkedin.com\/in\/jens-jacob-skibsted-5234136\">linkedin.com\/in\/jens-jacob-skibsted-5234136<\/a><\/p>\n\n\n\n<figure class=\"wp-block-image\"><img loading=\"lazy\" decoding=\"async\" width=\"1024\" height=\"683\" src=\"https:\/\/www.advokatskibsted.dk\/wp-content\/uploads\/2019\/03\/FC22829F-F030-4749-8246-659AA40BD92F-1024x683.jpeg\" alt=\"\" class=\"wp-image-6\" srcset=\"https:\/\/www.advokatskibsted.dk\/wp-content\/uploads\/2019\/03\/FC22829F-F030-4749-8246-659AA40BD92F-1024x683.jpeg 1024w, https:\/\/www.advokatskibsted.dk\/wp-content\/uploads\/2019\/03\/FC22829F-F030-4749-8246-659AA40BD92F-300x200.jpeg 300w, https:\/\/www.advokatskibsted.dk\/wp-content\/uploads\/2019\/03\/FC22829F-F030-4749-8246-659AA40BD92F-768x512.jpeg 768w, https:\/\/www.advokatskibsted.dk\/wp-content\/uploads\/2019\/03\/FC22829F-F030-4749-8246-659AA40BD92F-1568x1045.jpeg 1568w\" sizes=\"auto, (max-width: 706px) 89vw, (max-width: 767px) 82vw, 740px\" \/><\/figure>\n\n\n\n<p><\/p>\n","protected":false},"excerpt":{"rendered":"<p>Jeg har mere end 25 \u00e5rs alsidig erfaring med sagsbehandling, juridisk r\u00e5dgivning og forhandling i det private erhvervsliv. Med advokaterfaring fra arbejde i flere forskellige advokatfirmaer og omfattende erfaring med bestyrelsesarbejde og ledelse af medarbejdere, kan jeg bist\u00e5 dig og din virksomhed b\u00e5de juridisk og forretningsm\u00e6ssigt. linkedin.com\/in\/jens-jacob-skibsted-5234136<\/p>\n","protected":false},"author":1,"featured_media":0,"parent":0,"menu_order":0,"comment_status":"closed","ping_status":"closed","template":"","meta":{"footnotes":""},"class_list":["post-79","page","type-page","status-publish","hentry"],"_links":{"self":[{"href":"https:\/\/www.advokatskibsted.dk\/index.php\/wp-json\/wp\/v2\/pages\/79","targetHints":{"allow":["GET"]}}],"collection":[{"href":"https:\/\/www.advokatskibsted.dk\/index.php\/wp-json\/wp\/v2\/pages"}],"about":[{"href":"https:\/\/www.advokatskibsted.dk\/index.php\/wp-json\/wp\/v2\/types\/page"}],"author":[{"embeddable":true,"href":"https:\/\/www.advokatskibsted.dk\/index.php\/wp-json\/wp\/v2\/users\/1"}],"replies":[{"embeddable":true,"href":"https:\/\/www.advokatskibsted.dk\/index.php\/wp-json\/wp\/v2\/comments?post=79"}],"version-history":[{"count":11,"href":"https:\/\/www.advokatskibsted.dk\/index.php\/wp-json\/wp\/v2\/pages\/79\/revisions"}],"predecessor-version":[{"id":237,"href":"https:\/\/www.advokatskibsted.dk\/index.php\/wp-json\/wp\/v2\/pages\/79\/revisions\/237"}],"wp:attachment":[{"href":"https:\/\/www.advokatskibsted.dk\/index.php\/wp-json\/wp\/v2\/media?parent=79"}],"curies":[{"name":"wp","href":"https:\/\/api.w.org\/{rel}","templated":true}]}}